 Let k(d) = 120*d**2 - 10. Let a(u) = k(u) - 3*p(u). Let w be (-172)/42 + 8/84. Is a(w) prime?
False
Is ((-208)/(-520))/((-4)/(-121970)) composite?
False
Let o = -5869 - -12229. Suppose -5*d + o = 5*g - 4265, -2*g = 4*d - 4254. Is g a composite number?
True
Let j(p) be the third derivative of 1115*p**5/12 - p**4/8 + p**3/2 + 10*p**2. Let b be j(2). Suppose -6*k + b = 1855. Is k prime?
True
Suppose 0 = -12*w + 26 - 2. Let v(j) = -16 - 6*j**2 + 1 + 27*j + j**w + 4*j**2. Is v(16) prime?
False
Let k be (4/(-1) - -2)/(2/35). Let j(i) = -280*i - 273. Is j(k) composite?
True
Suppose -4*n = -3*i, -18*n + 20 = -14*n + 2*i. Suppose -1130 = -n*t - 3*a - 122, -677 = -2*t - a. Is t prime?
False
Let f(z) = 9231*z**2 + 7*z. Let n(b) = -4616*b**2 - 4*b + 1. Let y(j) = 3*f(j) + 5*n(j). Is y(-2) a composite number?
True
Let a(f) = 413*f - 19. Let i(w) = -1 - 17 - 4 - 2*w - 4. Let s be i(-16). Is a(s) composite?
False
Suppose -1919963 - 17434 = -33*l. Is l composite?
True
Suppose -2*o + 21 = -9*o. Let x be (-3)/o - (1 - 4). Is (-1 + 0)/(x/(-1096)) prime?
False
Let c be 28669 - ((-10)/(-6) - 20/12). Suppose 3*s = 2*d - c, d = 6*d - 5*s - 71670. Is d a composite number?
True
Let r = 37126 - 16640. Suppose r + 23542 = 12*g. Is g composite?
True
Suppose -228*t - 8010 = -234*t. Suppose 2*u + 5*y = 1415, -5*y = 2*u - 2*y - 1409. Let i = t - u. Is i prime?
False
Suppose 1230*l - 1256*l = -4496570. Is l a prime number?
False
Let h = -258 + -93. Let p = h + 531. Suppose -6*d = -402 - p. Is d a prime number?
True
Suppose -7*c + 133 = 119. Suppose -y + 992 = 3*q, -4*y + 2*q + 2602 = -1380. Suppose -y - 267 = -c*i. Is i composite?
False
Let w be 4 + 0/(9/3). Suppose -4*x - w = 2*y, y + 18 = 5*y - 5*x. Suppose 5*i - p - 12296 = 0, 0 = 2*i - 2*p - y*p - 4922. Is i prime?
True
Let r(t) = -631*t - 77. Let o be r(-15). Suppose 0 = -8*g + o + 10284. Is g a composite number?
False
Suppose 4233 = 3*v - 2*d, 0 = -4*d - 0*d - 12. Suppose -5*u + 2*u - v = -2*k, k + 5*u - 685 = 0. Let y = k + -359. Is y composite?
True
Let d be 84/(-18)*(0 - (1 - -2)). Suppose d*h = 43*h - 115043. Is h a composite number?
False
Suppose -2*y - 2*y = -q + 5, -5*y - 10 = -5*q. Is (q/(-2))/(18/(-137556)) a prime number?
True
Let v(a) = 4983*a**3 - 32*a + 59. Is v(2) a composite number?
True
Suppose -5*p = -13*p + 578912. Suppose -4479 + p = o. Is o composite?
True
Let o(b) be the first derivative of -447*b**2/2 - 5*b + 11. Let n be o(3). Is (-11)/22*(n + -2 + 2) a prime number?
True
Let a be (-4)/(8/2) + 10. Let y(u) = 2*u - 24. Let p be y(a). Is (-45)/30*524/p prime?
True
Let f = 4 - -3136. Is f/(-8)*(-1958)/55 a prime number?
False
Let s(a) = -134*a**3 - 3*a**2 - 5*a + 5. Let t = -38 - -35. Let u be s(t). Let i = u + -1954. Is i a composite number?
False
Let h = 7772 + -2771. Is h a prime number?
False
Suppose 10*y - 8085 = 5*y. Suppose 7*a = 4*a + y. Let w = 988 - a. Is w a prime number?
True
Let l(i) = 349*i**2 + 26*i - 121. Is l(10) prime?
False
Let g(r) = -15*r - 177. Let c be g(-13). Is (-219543)/(-33) - c/(-99) a prime number?
True
Let n(t) = -51076*t - 1958. Is n(-4) composite?
True
Suppose 0 = -4*v + 2*m + 2350, -3*v - 4*m = -2012 + 233. Is v prime?
False
Suppose 45 = 45*u - 42*u. Suppose u*j = 13*j + 134. Is j a prime number?
True
Let m(f) = 27*f**2 - 12*f + 802. Is m(55) prime?
True
Let g = -243 + 240. Is ((-1)/(-6))/(10*g/(-307620)) prime?
True
Is 84/9*(-39)/(-52)*(-1 - -560160) a prime number?
False
Let p(d) = -982*d**3 - 47*d**2 + 2*d + 28. Is p(-7) a prime number?
False
Suppose -27*u - 2045 = -32*u. Suppose 0 = 5*y - 3016 - u. Is y prime?
False
Is (2*1666999/(-56) - 597/(-1393))*-4 a prime number?
True
Let r be 5 - -8*(-1)/(6 - 5). Is (-110)/15 - -8 - 17689/r composite?
False
Let d be (2/12 - 50/(-60)) + 9339. Suppose 3*v + d = w, 3*w - 34081 = 5*v - 6049. Is w prime?
True
Is (-1 + 42/45)/(188/(-1410))*650966 a composite number?
True
Suppose -25*t + 25*t - 3905109 = -39*t. Is t composite?
True
Suppose 373262 = 10*a - 5*a - 3*s, 2*a - 149301 = 5*s. Is a prime?
True
Let y be 1/2*(-28 + 60). Suppose -y*m + 6053 = -16491. Is m a composite number?
False
Let p(t) = -211443*t**3 - 17*t - 17. Is p(-1) a composite number?
True
Is 72/9*2/2 + 41877 + 8 a composite number?
False
Let a = 18311 + -11772. Let u = -2053 + a. Is u prime?
False
Suppose -174*u + 21591 = -165*u. Is u a prime number?
True
Is 325424/7 + (-26)/(-1456)*-8 prime?
True
Suppose 2*s - 466 = -2*l - 0*l, -4*l = -2*s + 490. Let z = 117 - s. Let c = -73 - z. Is c a composite number?
False
Suppose -19*n + 15234 + 22386 = 0. Let d = -6 - -11. Suppose -4*y + d*q = -13616 + n, -2*q + 8727 = 3*y. Is y prime?
True
Is (-3 - -2*1)*(-39431742)/366 prime?
False
Suppose -56*j + 68933 = -28*j - 27*j. Is j composite?
True
Let f(r) = 12*r**3 + 2*r + r**2 + 0*r + 5 - 11*r**3. Let i be (0 + (-4)/(-5))/(8/40). Is f(i) a prime number?
False
Let z(u) = 5907*u - 3431. Is z(50) a composite number?
True
Let w = 233 - 273. Is w/(-180) + 65307/27 composite?
True
Let s(x) = 16809*x - 1. Is s(8) composite?
False
Let t be 4 - (0 + -1)*2. Suppose -t = -5*i + 4. Suppose -432 = -i*j + 1522. Is j a prime number?
True
Let g(s) = -5 + 469*s + 120*s + 7. Suppose -5 = -m, m = 4*b + 1 - 0. Is g(b) a prime number?
False
Suppose 8*z - 6*z = -2, 1 = r + 2*z. Is (3 + (-3329 - r))*(-8)/8 a prime number?
True
Suppose -4*a - 3*i - 23 = -2*a, 0 = 2*a + 4*i + 28. Is 705 - (a/(-10))/(2/20) a composite number?
False
Let g(v) = 153*v + 1. Let f(d) = -152*d - 1. Suppose 3*r - 1 + 10 = 0. Let b(a) = r*f(a) - 2*g(a). Is b(6) composite?
True
Let s = 2826 + -1684. Is s prime?
False
Let v = 135 + -68. Let o = v - 62. Suppose -4*n = 3*q + q - 1764, -o*n = -3*q - 2245. Is n a prime number?
False
Let g(k) be the first derivative of -9/2*k**2 + 1/4*k**4 - 10/3*k**3 - 7*k - 6. Is g(11) a prime number?
False
Let s = 700 + -698. Suppose s*n - 3*n = -11027. Is n a composite number?
False
Suppose -5*g + t = -291797, 1533*t + 291821 = 5*g + 1535*t. Is g prime?
False
Suppose -10*u - 12 = -13*u. Let b be 4/(-8)*-1*u. Suppose 256 = 2*q + 2*v, b*v - 3 = -1. Is q a composite number?
False
Let h be 4*(12/4)/(-3). Let z(r) = r**2 - 2*r - 3. Let l be z(2). Is (1800 - l) + 2 + h a composite number?
False
Let a(y) = -713*y + 89. Let g be a(-9). Suppose -32*o + 35*o - 2*h - 19569 = 0, -5*h + g = o. Is o a composite number?
False
Suppose -84307 - 105333 = -10*p. Is ((-6)/(-24))/(1/p) composite?
True
Suppose 0 = -2*m - 0 + 26. Let o(d) = 19*d - 21*d**2 + 19*d + 14*d - m*d + d**3 - 4. Is o(21) a composite number?
True
Suppose -4*j = 3*t - 922700 + 8466, -4*t + 1219030 = -2*j. Is t composite?
True
Let h = -13299 + 21921. Suppose -4*g + q + h = 6*q, -g + 2145 = -4*q. Is g a composite number?
False
Let y(g) = 11 - g + 5 - 6 + 0*g. Let h be y(10). Suppose h*v - 5*v = -1465. Is v a composite number?
False
Suppose -4*n = -7*n + 3*t + 198, 0 = -4*n - 4*t + 256. Is n - 9*12/18 a prime number?
True
Let h = -1011 - -1003. Is (-123822)/72*h/3 a prime number?
False
Suppose 12*n + 38358 = 599946. Is n composite?
True
Suppose -d + 1539 = -1346. Suppose -2*c - 3*g + 1524 + d = 0, 3*c + 2*g - 6621 = 0. Is c a composite number?
True
Suppose -109*b + 3607403 = -7854806 - 6870828. Is b prime?
True
Let p = -80 - -80. Suppose 5*u - 3*a - 122735 = 0, -2*u - a - 4*a + 49094 = p. Is u a composite number?
False
Let p be ((-60)/(-50))/(-2*(-1)/10). Let h(j) = 32*j**2 + 7*j + 17. Is h(p) prime?
False
Suppose -5*q = -2*v + 789309, -1485*v + q + 1973284 = -1480*v. Is v composite?
True
Suppose 8*q = 2*q + 60. Suppose 0 = -6*b + q*b - 184. Suppose m + 4*m = 5*k + 230, 5*k + b = m. Is m composite?
True
Let d be 95 - (4 - ((8 - 1) + 1)). Let p(y) = -23 - 26 + 2 + 12 - d*y. Is p(-10) prime?
False
Let c(v) = 9*v**2 + 10*v - 10. Suppose 3*w - 8 - 7 = f, 3*f = 0. Suppose 3*d = -2*h - 23, -2*d = -w*h + d - 68. Is c(h) a composite number?
False
Suppose -240*w = -168*w - 11272968. Is w a composite number?
True
Let f(c) = -5*c**3 + 5*c**2 + 27*c + 1. Let i be 132/(-34) + 15/((-1275)/10). Is f(i) a composite number?
False
Let m(w) = -4*w - 35. Let j be m(-10). Suppose -j*g + 6338 = -24357. Is g prime?
False
Let t(x) = 858*x**2 - 2*x + 5. Suppose 0 = 2*g - 0*f + 3*f + 11, -2*f - 6 = 2*g. Is t(g) prime?
True
Suppose -374 = 55*t - 38*t. Is (-540)/990 + (